{"id":1287,"date":"2025-05-12T19:06:41","date_gmt":"2025-05-12T17:06:41","guid":{"rendered":"https:\/\/tukombo.com\/?post_type=product&#038;p=1287"},"modified":"2025-05-12T19:21:33","modified_gmt":"2025-05-12T17:21:33","slug":"queso-mezcla-semicurado-rabel-cuna-de-150-gr","status":"publish","type":"product","link":"https:\/\/tukombo.com\/index.php\/product\/queso-mezcla-semicurado-rabel-cuna-de-150-gr\/","title":{"rendered":"Queso Mezcla SemiCurado \u00a8Rabel\u00a8 cu\u00f1a de 150 gr"},"content":{"rendered":"<p>Queso de pasta prensada elaborado a partir de leche pasteurizada de vaca, cabra y oveja, con un periodo de maduraci\u00f3n m\u00ednimo de 35 d\u00edas. De textura semidura, buena mantecosidad y elasticidad. Sabor equilibrado, destacando una agradable acidez, un toque dulce y un regusto a frutos secos.\u00a0 Maridaje: Tinto joven, fresco y arom\u00e1tico. Tempranillo de cosecha o rosados afrutados. Cervezas ligeras tipo lager.<\/p>\n","protected":false},"excerpt":{"rendered":"<p>Queso Mezcla SemiCurado Rabel cu\u00f1a de 150 gr<\/p>\n","protected":false},"featured_media":1288,"comment_status":"open","ping_status":"closed","template":"","meta":{"_monsterinsights_skip_tracking":false,"_monsterinsights_sitenote_active":false,"_monsterinsights_sitenote_note":"","_monsterinsights_sitenote_category":0},"product_cat":[21],"product_tag":[39],"aioseo_notices":[],"_links":{"self":[{"href":"https:\/\/tukombo.com\/index.php\/wp-json\/wp\/v2\/product\/1287"}],"collection":[{"href":"https:\/\/tukombo.com\/index.php\/wp-json\/wp\/v2\/product"}],"about":[{"href":"https:\/\/tukombo.com\/index.php\/wp-json\/wp\/v2\/types\/product"}],"replies":[{"embeddable":true,"href":"https:\/\/tukombo.com\/index.php\/wp-json\/wp\/v2\/comments?post=1287"}],"wp:featuredmedia":[{"embeddable":true,"href":"https:\/\/tukombo.com\/index.php\/wp-json\/wp\/v2\/media\/1288"}],"wp:attachment":[{"href":"https:\/\/tukombo.com\/index.php\/wp-json\/wp\/v2\/media?parent=1287"}],"wp:term":[{"taxonomy":"product_cat","embeddable":true,"href":"https:\/\/tukombo.com\/index.php\/wp-json\/wp\/v2\/product_cat?post=1287"},{"taxonomy":"product_tag","embeddable":true,"href":"https:\/\/tukombo.com\/index.php\/wp-json\/wp\/v2\/product_tag?post=1287"}],"curies":[{"name":"wp","href":"https:\/\/api.w.org\/{rel}","templated":true}]}}