{"id":1959,"date":"2026-02-09T22:21:18","date_gmt":"2026-02-09T21:21:18","guid":{"rendered":"https:\/\/tukombo.com\/?post_type=product&#038;p=1959"},"modified":"2026-02-09T22:21:59","modified_gmt":"2026-02-09T21:21:59","slug":"vino-de-mesa-espanol-750-ml","status":"publish","type":"product","link":"https:\/\/tukombo.com\/index.php\/product\/vino-de-mesa-espanol-750-ml\/","title":{"rendered":"VINO DE MESA ESPA\u00d1OL 750 ml"},"content":{"rendered":"<p>VINO DE MESA ESPA\u00d1OL 750 ml TINTO Y BLANCO. ORIGEN ESPA\u00d1A, LA RIOJA.<\/p>\n","protected":false},"excerpt":{"rendered":"<p>VINO DE MESA ESPA\u00d1OL 750 ml TINTO Y BLANCO. ORIGEN ESPA\u00d1A, LA RIOJA.<\/p>\n","protected":false},"featured_media":1961,"comment_status":"open","ping_status":"closed","template":"","meta":{"_monsterinsights_skip_tracking":false,"_monsterinsights_sitenote_active":false,"_monsterinsights_sitenote_note":"","_monsterinsights_sitenote_category":0},"product_cat":[32],"product_tag":[],"aioseo_notices":[],"_links":{"self":[{"href":"https:\/\/tukombo.com\/index.php\/wp-json\/wp\/v2\/product\/1959"}],"collection":[{"href":"https:\/\/tukombo.com\/index.php\/wp-json\/wp\/v2\/product"}],"about":[{"href":"https:\/\/tukombo.com\/index.php\/wp-json\/wp\/v2\/types\/product"}],"replies":[{"embeddable":true,"href":"https:\/\/tukombo.com\/index.php\/wp-json\/wp\/v2\/comments?post=1959"}],"wp:featuredmedia":[{"embeddable":true,"href":"https:\/\/tukombo.com\/index.php\/wp-json\/wp\/v2\/media\/1961"}],"wp:attachment":[{"href":"https:\/\/tukombo.com\/index.php\/wp-json\/wp\/v2\/media?parent=1959"}],"wp:term":[{"taxonomy":"product_cat","embeddable":true,"href":"https:\/\/tukombo.com\/index.php\/wp-json\/wp\/v2\/product_cat?post=1959"},{"taxonomy":"product_tag","embeddable":true,"href":"https:\/\/tukombo.com\/index.php\/wp-json\/wp\/v2\/product_tag?post=1959"}],"curies":[{"name":"wp","href":"https:\/\/api.w.org\/{rel}","templated":true}]}}