{"id":426,"date":"2024-01-25T17:23:32","date_gmt":"2024-01-25T16:23:32","guid":{"rendered":"https:\/\/tukombo.com\/?post_type=product&#038;p=426"},"modified":"2024-01-25T17:36:22","modified_gmt":"2024-01-25T16:36:22","slug":"champu-fortificante-fructis-360ml-fuerzabrillo","status":"publish","type":"product","link":"https:\/\/tukombo.com\/index.php\/product\/champu-fortificante-fructis-360ml-fuerzabrillo\/","title":{"rendered":"Champ\u00fa fortificante Fructis 360ml fuerza&#038;brillo"},"content":{"rendered":"<p><span class=\"font-bold\">Marca<\/span> : FRUCTIS<\/p>\n<p><span class=\"font-bold\">Peso Neto<\/span> : 0,45 KG<\/p>\n<p><span class=\"font-bold\">Consejos de utilizaci\u00f3n<\/span> :<\/p>\n<p>El Fructis Fuerza y Brillo Champ\u00fa Pelo Normal limpia, fortifica y tonifica la fibra del cabello desde la ra\u00edz, para un cabello visiblemente m\u00e1s fuerte y sano. Enriquecido con Esencia de Pomelo y Vitaminas B3 y B6, Fructis Fuerza y Brillo Champ\u00fa Pelo Normal proporciona un cabello limpio, m\u00e1s fuerte, brillante y fresco.<\/p>\n<p>EL COMPROMISO FRUCTIS: f\u00f3rmulas testadas bajo control dermatol\u00f3gico, envases con un 50% de pl\u00e1stico reciclado, 100% reciclables y producidos en f\u00e1bricas comprometidas con el desarrollo sostenible.<\/p>\n<p>Modo de uso:<\/p>\n<p>-Aplicar Fructis Fuerza y Brillo Champ\u00fa Pelo Normal sobre cabello mojado.<\/p>\n<p>-Masajear suavemente el cuero cabelludo y despu\u00e9s aclarar.<\/p>\n<p>&nbsp;<\/p>\n<p><span class=\"font-bold\">Advertencias<\/span> :<\/p>\n<p>En caso de contacto con los ojos, l\u00e1vense inmediata y abundantemente con agua<\/p>\n","protected":false},"excerpt":{"rendered":"<p>Marca : FRUCTIS Peso Neto : 0,45 KG Consejos de utilizaci\u00f3n : El Fructis Fuerza y Brillo Champ\u00fa Pelo Normal limpia, fortifica&hellip;<\/p>\n","protected":false},"featured_media":439,"comment_status":"open","ping_status":"closed","template":"","meta":{"_monsterinsights_skip_tracking":false,"_monsterinsights_sitenote_active":false,"_monsterinsights_sitenote_note":"","_monsterinsights_sitenote_category":0},"product_cat":[25],"product_tag":[],"aioseo_notices":[],"_links":{"self":[{"href":"https:\/\/tukombo.com\/index.php\/wp-json\/wp\/v2\/product\/426"}],"collection":[{"href":"https:\/\/tukombo.com\/index.php\/wp-json\/wp\/v2\/product"}],"about":[{"href":"https:\/\/tukombo.com\/index.php\/wp-json\/wp\/v2\/types\/product"}],"replies":[{"embeddable":true,"href":"https:\/\/tukombo.com\/index.php\/wp-json\/wp\/v2\/comments?post=426"}],"wp:featuredmedia":[{"embeddable":true,"href":"https:\/\/tukombo.com\/index.php\/wp-json\/wp\/v2\/media\/439"}],"wp:attachment":[{"href":"https:\/\/tukombo.com\/index.php\/wp-json\/wp\/v2\/media?parent=426"}],"wp:term":[{"taxonomy":"product_cat","embeddable":true,"href":"https:\/\/tukombo.com\/index.php\/wp-json\/wp\/v2\/product_cat?post=426"},{"taxonomy":"product_tag","embeddable":true,"href":"https:\/\/tukombo.com\/index.php\/wp-json\/wp\/v2\/product_tag?post=426"}],"curies":[{"name":"wp","href":"https:\/\/api.w.org\/{rel}","templated":true}]}}